{"id":117,"date":"2017-01-03T20:24:02","date_gmt":"2017-01-03T20:24:02","guid":{"rendered":"http:\/\/www.rod-rakowiec.pl\/?page_id=117"},"modified":"2017-04-17T07:41:46","modified_gmt":"2017-04-17T07:41:46","slug":"historia","status":"publish","type":"page","link":"http:\/\/www.rod-rakowiec.pl\/?page_id=117","title":{"rendered":"O nas"},"content":{"rendered":"<div class=\"page\" title=\"Page 2\">\n<div class=\"section\">\n<div class=\"layoutArea\">\n<div class=\"column\">\n<h2 style=\"text-align: center;\"><strong>Kr\u00f3tka Historia Ogrodu<\/strong><\/h2>\n<h5><strong>Kiedy powsta\u0142?<\/strong><\/h5>\n<p>Ogr\u00f3d dzia\u0142kowy ROD &#8222;Rakowiec&#8221; powsta\u0142 40 lat po pierwszym ogrodzie w Polsce: Grudzi\u0105dz 1887r. \u2013 K\u0105piele S\u0142oneczne\u00a0i 25 lat po pierwszym warszawskim ogrodzie: przy ul. Ody\u0144ca \u2013 Obro\u0144c\u00f3w Pokoju.<\/p>\n<p>Jest obecnie drugim istniej\u0105cym z najstarszych ogrod\u00f3w w Stolicy. Le\u017cy w mokotowskim klinie nawietrzaj\u0105cym Warszaw\u0119 i zajmuje oko\u0142o 19 ha.<\/p>\n<h5>je\u015bli jeste\u015b zainteresowany dalsz\u0105 historia ogrodu &#8211; <a href=\"http:\/\/www.rod-rakowiec.pl\/?page_id=281\">wejd\u017a na stron\u0119 Historia Ogrodu<\/a><\/h5>\n<div class=\"page\" title=\"Page 3\"><\/div>\n<\/div>\n<\/div>\n<\/div>\n<\/div>\n","protected":false},"excerpt":{"rendered":"<p>Kr\u00f3tka Historia Ogrodu Kiedy powsta\u0142? Ogr\u00f3d dzia\u0142kowy ROD &#8222;Rakowiec&#8221; powsta\u0142 40 lat po pierwszym ogrodzie w Polsce: Grudzi\u0105dz 1887r. \u2013 K\u0105piele S\u0142oneczne\u00a0i 25 lat po pierwszym warszawskim ogrodzie: przy ul. Ody\u0144ca \u2013 Obro\u0144c\u00f3w Pokoju. Jest obecnie drugim istniej\u0105cym z najstarszych ogrod\u00f3w w Stolicy. Le\u017cy w mokotowskim klinie nawietrzaj\u0105cym Warszaw\u0119 i zajmuje oko\u0142o 19 ha. je\u015bli &hellip; <\/p>\n<p class=\"link-more\"><a href=\"http:\/\/www.rod-rakowiec.pl\/?page_id=117\" class=\"more-link\">Czytaj dalej<span class=\"screen-reader-text\"> \u201eO nas\u201d<\/span><\/a><\/p>\n","protected":false},"author":1,"featured_media":0,"parent":0,"menu_order":0,"comment_status":"closed","ping_status":"closed","template":"","meta":{"footnotes":""},"class_list":["post-117","page","type-page","status-publish","hentry"],"_links":{"self":[{"href":"http:\/\/www.rod-rakowiec.pl\/index.php?rest_route=\/wp\/v2\/pages\/117","targetHints":{"allow":["GET"]}}],"collection":[{"href":"http:\/\/www.rod-rakowiec.pl\/index.php?rest_route=\/wp\/v2\/pages"}],"about":[{"href":"http:\/\/www.rod-rakowiec.pl\/index.php?rest_route=\/wp\/v2\/types\/page"}],"author":[{"embeddable":true,"href":"http:\/\/www.rod-rakowiec.pl\/index.php?rest_route=\/wp\/v2\/users\/1"}],"replies":[{"embeddable":true,"href":"http:\/\/www.rod-rakowiec.pl\/index.php?rest_route=%2Fwp%2Fv2%2Fcomments&post=117"}],"version-history":[{"count":5,"href":"http:\/\/www.rod-rakowiec.pl\/index.php?rest_route=\/wp\/v2\/pages\/117\/revisions"}],"predecessor-version":[{"id":284,"href":"http:\/\/www.rod-rakowiec.pl\/index.php?rest_route=\/wp\/v2\/pages\/117\/revisions\/284"}],"wp:attachment":[{"href":"http:\/\/www.rod-rakowiec.pl\/index.php?rest_route=%2Fwp%2Fv2%2Fmedia&parent=117"}],"curies":[{"name":"wp","href":"https:\/\/api.w.org\/{rel}","templated":true}]}}